Suppose -29*l + 1095 = 226 - 465. Let q(i) = 15*i**2 + 5*i + 3. Calculate the remainder when q(-4) is divided by l.
39
Let z = 7109 - 7093. What is the remainder when 569 is divided by z?
9
Let g(z) = 4*z + 159. Suppose 92 = -5*x + t, -x = 5*t - 8 + 16. Calculate the remainder when g(x) is divided by 31.
25
Suppose 6*m - 3*m = 81. Suppose -15*q = -6*q - 144. What is the remainder when m is divided by q?
11
Let d be (-464)/(-28)*(-21)/(-6). Suppose -d = -v - y, -2*v + y = 4*y - 117. Suppose -6*h + 4*h = -30. What is the remainder when v is divided by h?
12
Let p = 6190 - 6136. What is the remainder when 262 is divided by p?
46
Let k = -2365 - -2378. Let a = -140 + 255. Calculate the remainder when a is divided by k.
11
Let z be 20/(-2 + -8) + (-1 - -8). Suppose -2*l = -3*r - 35, -5*l - z*r = -57 - 43. Calculate the remainder when 30 is divided by l.
11
Let y(a) = -229*a + 3234. Calculate the remainder when 251 is divided by y(14).
27
Let f(r) = -2*r**2 + 24*r - 35. Let q be f(10). Let t = 8 + q. What is the remainder when 34 is divided by t?
8
What is the remainder when 570 is divided by 15 + (9 + -20)/11?
10
Suppose -200*s = 5*m - 202*s - 5903, 3*m - 4*s = 3539. Calculate the remainder when m is divided by 139.
69
Suppose -9*z + 8*z = -61. Let l = -8676 + 8704. What is the remainder when z is divided by l?
5
Let j(t) = 874*t - 11973. Calculate the remainder when j(20) is divided by 23.
10
Let m = 6632 - -1898. What is the remainder when m is divided by 27?
25
Let d(t) = 2*t**3 + t**2 - 4*t + 329. Let p be d(0). Suppose -7*i - 126 = -p. What is the remainder when 89 is divided by i?
2
Let p be (-3)/2*64/48. Suppose -22*r - 111 = -1805. What is the remainder when r is divided by ((-80)/12)/(p/12)?
37
Let z = -248 - -248. Suppose z = -4*v - 29 + 273. Calculate the remainder when v is divided by (-2 - -3)*(1 - -10).
6
Let u = -1636 + 3187. What is the remainder when u is divided by 42?
39
Suppose -179*x = -4525 - 8900. What is the remainder when x is divided by (-2)/(-3)*3 + 0?
1
Let b = -3240 + 3324. Calculate the remainder when b is divided by 2/(-3) - (-6)/((-90)/(-565)).
10
Let b = -395 - -392. What is the remainder when 1260/16 - b/12 is divided by 25?
4
Let u(v) = -7*v + 6 - 4*v + 10*v. Let i be u(3). Let r(t) = 13*t - 14. What is the remainder when r(i) is divided by 14?
11
Suppose 22 = -10*v + 182. Suppose 0 = 3*c + 2*c - 735. Calculate the remainder when c is divided by 5 + ((-5)/(-2))/(v/288).
47
Let s = -76 - -85. Suppose 0 = 2*q - 105 + s. Let k = 54 - q. What is the remainder when 9 is divided by k?
3
Let w = -3666 + 3705. Calculate the remainder when 1822 is divided by w.
28
Let l = 218 - 226. Calculate the remainder when 93 is divided by ((-2)/(-8))/(l/(-1504)).
46
Let m(q) = 10*q**3 + q**2 + 25*q - 33. What is the remainder when 737 is divided by m(4)?
14
Suppose 3*f - 5*t = 1001, -3*f + 801 = 3*t - 240. Suppose -20474 = -547*a + 3594. What is the remainder when f is divided by a?
34
Let i(q) = -3*q**2 - 10*q + 1. Let d(c) = 7*c**2 + 18*c - 1. Let x(k) = -4*d(k) - 9*i(k). What is the remainder when 47 is divided by x(17)?
11
Let b(g) = -g**3 - g - 4. Let h = 187 + -184. Suppose -h*p - 2*l + 505 = 2*p, 404 = 4*p - 4*l. Calculate the remainder when p is divided by b(-3).
23
Let n = 19523 + -19353. What is the remainder when n is divided by 77?
16
Suppose 0 = -x - 2*i + 86, -21*x + 17*x = 2*i - 362. Suppose 5*z - 3*z = x. Calculate the remainder when 143 is divided by z.
5
Let u = 10480 + -10433. What is the remainder when 312 is divided by u?
30
Let n be 1/(3*3/27). Suppose 0 = -n*x - 2*k + 11 + 25, 4*x - 44 = -4*k. What is the remainder when 55 is divided by x?
13
Suppose 2028 = -4389*z + 4401*z. What is the remainder when z is divided by 21 - ((-2 - 0) + 6)?
16
Let p = 2 - -3. Suppose 3*w + 3*s - 8*s = -175, 0 = 5*w + 3*s + 337. Let r = w - -89. Calculate the remainder when r is divided by p.
4
Suppose 0*x + x = -3*s + 30, -5*s = -x - 10. Let h(f) = -f**3 + 21*f**2 + 14*f + 48. Calculate the remainder when h(21) is divided by x.
12
Let g(u) = 94*u + 3296. Calculate the remainder when 5415 is divided by g(-35).
3
Suppose 0 = 5*u + 2*y - 3449, 31*y + 1386 = 2*u + 35*y. Calculate the remainder when u is divided by 64.
49
Let m = 325 - 530. Let r = m - -295. Let z = r + -34. What is the remainder when 279 is divided by z?
55
Let a = -433 + 435. Suppose 2*y = 5*b + 5*y - 274, -a*y - 100 = -2*b. Calculate the remainder when b is divided by 36.
17
Let k(a) = -a**2 - 6*a + 9. Let s(q) = 2*q**2 + 7*q - 9. Let y(o) = 4*k(o) + 3*s(o). What is the remainder when y(8) is divided by 7/(-14) - (-154)/4?
37
Let g be 5/110*-4 + 58102/121. Suppose 0*m = 20*m - g. Calculate the remainder when m is divided by 13.
11
Let g = 105 - 90. Suppose -u + 4*u + 4*p - 17 = 0, -5*u - 4*p + 15 = 0. Calculate the remainder when (-220)/(-8) - u/(-2) is divided by g.
12
Suppose 4*m = 2*p - 44, -195 = 3*p + 5*m - 217. Calculate the remainder when 152 is divided by p.
12
Let i(d) = 5*d - 53. Let v be i(11). Let k be 40/(-24) + -2*v/12. Calculate the remainder when k + (75 - -4)/1 is divided by 40.
37
Let n = 2947 - 793. What is the remainder when n is divided by 28?
26
What is the remainder when 1735 is divided by -16 + 17 - (-17)/1?
7
Let h(o) = -o**3 + 48*o**2 + 449*o + 78. What is the remainder when 395 is divided by h(56)?
127
Let l = 7073 - 6264. What is the remainder when l is divided by 58?
55
Let t(m) be the third derivative of -m**4/12 + 98*m**3/3 + 46*m**2. Calculate the remainder when t(23) is divided by 38.
36
What is the remainder when 227 is divided by (-254)/(-3302) + 3/(-78)*-362 + -2?
11
Let a(t) = -t + 50. Let q be a(10). Suppose 15 = -2*y + 131. Let x = y - q. Calculate the remainder when 27 is divided by x.
9
Suppose 11882 = 11*r + 2*r. Suppose -26*f - 4 = -r. What is the remainder when f is divided by 7?
0
Suppose -4*n - 4*o = -3 - 1, -2*n + 4 = 3*o. Let h(z) = 8*z**2 - 9*z - 8. Calculate the remainder when 284 is divided by h(n).
5
Let m = -10 - -15. Suppose n = -c - m, 4*n - c = 3*c + 20. Suppose 2*q - 179 = -b, b = -n - 3. Calculate the remainder when q is divided by 46.
45
Let w = -68 - -38. Let d = 1 - w. Suppose 0 = -3*k - 9, 5*k = 3*u + 43 - 424. What is the remainder when u is divided by d?
29
Suppose -3*z = -5*r + 43, -7*r - 31*z + 73 = -32*z. Calculate the remainder when 336 is divided by r.
6
Let s = -10782 - -10989. Calculate the remainder when 571 is divided by s.
157
Suppose 15*c + 2*k = 11*c + 1918, -4*k + 28 = 0. Calculate the remainder when c is divided by 79.
2
Let y be (-5 + 75/(-10))*(-12)/(-5). Let m = y + 38. Suppose 6*d = m*d - 58. Calculate the remainder when d is divided by 15.
14
Suppose 1050 = 3*m + 2*z - z, -2*m + 700 = -5*z. Suppose -142*y = -89*y - 67*y + 546. What is the remainder when m is divided by y?
38
Let g(f) = f + 29. Let i be 5 + -84 - (-7 - -2). Let n = 63 + i. What is the remainder when 34 is divided by g(n)?
16
What is the remainder when ((-52)/8)/((-13)/2)*(-2 + 735) is divided by 15?
13
Let q = -1309 + 1404. Calculate the remainder when 1329 is divided by q.
94
Suppose 5*d + 2*v - 19 = -13, -3*v + 9 = 2*d. Suppose 2*h + 384 = 4*m - 1324, -3*h = d. What is the remainder when m is divided by 39?
37
Let j(c) = c**2 + 6*c - 285. What is the remainder when j(16) is divided by 34?
33
Suppose 20 = 4*y + z, 0 = 3*y - 3*z - 10 - 5. Suppose 0 = y*n + 2*w - 1533, 55*n - 60*n + 3*w = -1538. What is the remainder when n is divided by 14?
13
Let m = 677 + -664. Let i(z) = z**3 + 3*z**2 - 4*z - 6. Let y be i(-4). What is the remainder when (-47)/(-2) - 3/y is divided by m?
11
Calculate the remainder when 520 is divided by 3/(9/(-104))*(-315)/140*3.
52
Suppose 61*y - 37739 = 62728. What is the remainder when y is divided by 50?
47
Let k = -140 + 425. What is the remainder when k is divided by (-62)/(-31) + 76 + 0 + 0?
51
Suppose c = 279*l - 284*l + 7280, 5*c = -3*l + 4368. Calculate the remainder when l is divided by 61.
53
Let u(p) = -93*p + 6. Let n be u(-2). Suppose -2*x = -26*x + n. What is the remainder when 29 is divided by x?
5
Let b = 358 - 352. Calculate the remainder when 2*b/12 + 85 is divided by 33.
20
Let c(y) = 18*y**3 + 2*y**2 - 50*y + 142. What is the remainder when c(3) is divided by 189?
118
Let 